{"id":75,"date":"2024-04-02T14:19:03","date_gmt":"2024-04-02T12:19:03","guid":{"rendered":"https:\/\/cocinaporelcambio.com\/?page_id=75"},"modified":"2024-06-13T17:43:46","modified_gmt":"2024-06-13T15:43:46","slug":"nuestra-historia","status":"publish","type":"page","link":"https:\/\/cocinaporelcambio.com\/index.php\/nuestra-historia\/","title":{"rendered":"Nuestra Historia"},"content":{"rendered":"<section data-id=\"606c955\" data-element_type=\"section\">\n<h1 style=\"text-align: center;\">Nuestra Historia<\/h1>\n<\/section>\n<section data-id=\"f0a8be8\" data-element_type=\"section\">\n<p data-sourcepos=\"3:1-3:302\">Hace mucho, mucho tiempo, hubo un ni\u00f1o saharaui llamado Banani que pasaba los<br \/>\nveranos en Espa\u00f1a alojado con familias de acogida gracias al programa de &#8220;Vacaciones<br \/>\nen paz&#8221;, promovido por la colaboraci\u00f3n conjunta entre asociaciones y las familias de<br \/>\norigen y destino, as\u00ed como todo el organismo burocr\u00e1tico que las amparaba. Pues bien, el<br \/>\ntiempo fue pasando y ese ni\u00f1o se hizo mayor entre idas y venidas, teniendo entre medias<br \/>\nla oportunidad de formarse en una escuela de cocina en la ciudad de Granada, lugar donde<br \/>\nconoci\u00f3 a otro de los protagonistas de nuestra historia, Erik De Pedro. Juntos, siguieron<br \/>\nform\u00e1ndose y trabajando, aprendiendo de la experiencia y sabiendo que el destino les<br \/>\naguardaba algo grande. En este tiempo Banani conoci\u00f3 a su compa\u00f1era de viaje, Sonia,mujer<br \/>\nincansable y luchadora que decidi\u00f3 formarse en el \u00e1mbito de la cooperaci\u00f3n para<br \/>\nhacer de sus sue\u00f1os compartidos una realidad y, juntos los tres, tomaron la decisi\u00f3n de<br \/>\ncoger sus ahorros, vender sus pertenencias m\u00e1s preciadas y sumergirse de lleno en lo que<br \/>\nen sus cabezas llevaban urgiendo m\u00e1s de 10 a\u00f1os: construir un comedor \u2013 escuela de<br \/>\ncocina en el coraz\u00f3n del S\u00e1hara: concretamente en el campamento de refugiados saharauis<br \/>\nde Auserd. Y vaya si lo hicieron, se liaron la manta a la cabeza (o el turbante, mejor dicho)<br \/>\ny se pusieron manos a la obra, sin importar el calor o los vientos del siroco, pero sin<br \/>\nvolverse locos&#8230; A su vuelta, sin pens\u00e1rselo dos veces, constituyeron formalmente la<br \/>\nasociaci\u00f3n &#8220;Cocina por el cambio&#8221;, registrada en C\u00f3rdoba (Andaluc\u00eda), siendo el resto<br \/>\nhistoria viva. Isis (compa\u00f1era de batallas en las temporadas en Menorca de Banani y<br \/>\nSonia) se uni\u00f3 al grupo para aportar sus conocimientos en materia de restauraci\u00f3n y<br \/>\nmarketing, su pareja Alberto se puso manos a la obra junto a Sonia para darle forma sobre<br \/>\nel papel a todo lo andado hasta la fecha y, la hermana de este \u00faltimo, Irene, comenz\u00f3 a<br \/>\nofrecer sus conocimientos como m\u00e9dica en materia sanitaria y nutricional para que el<br \/>\nproyecto que hab\u00eda comenzado a cocinarse no se dejara ning\u00fan ingrediente por el camino.<br \/>\nPor \u00faltimo, se encuentran Bonifa y Meimuna, dos mujeres saharauis que son el estandarte<br \/>\nde la asociaci\u00f3n, representando la experiencia sobre el terreno, la tenacidad y la sororidad<br \/>\nentre hermanas. La primera cuenta con un amplio recorrido en cocina y organizaci\u00f3n de<br \/>\neventos, la segunda, en gesti\u00f3n de los recursos, administraci\u00f3n y log\u00edstica. Juntas, hacen<br \/>\nque todo lo que se planifique sobre el papel, se lleve a la pr\u00e1ctica de la forma m\u00e1s \u00f3ptima<br \/>\nposible. Ambas simbolizan a la perfecci\u00f3n los valores de la mujer saharaui y hacen que<br \/>\neste grupo humano est\u00e9 completo y preparado para hacer realidad este proyecto. Tenemos<br \/>\ntodo listo y preparado para comenzar el curso en octubre de 2024, \u00bfte unes?<\/p>\n<\/section>\n<p><a href=\"https:\/\/buy.stripe.com\/9AQ3ey6hc1dXbMAeUW\"><br \/>\nCOLABORA<br \/>\n<\/a><\/p>\n<style>\/*! elementor - v3.20.0 - 26-03-2024 *\/<br \/>\n.elementor-column .elementor-spacer-inner{height:var(--spacer-size)}.e-con{--container-widget-width:100%}.e-con-inner>.elementor-widget-spacer,.e-con>.elementor-widget-spacer{width:var(--container-widget-width,var(--spacer-size));--align-self:var(--container-widget-align-self,initial);--flex-shrink:0}.e-con-inner>.elementor-widget-spacer>.elementor-widget-container,.e-con>.elementor-widget-spacer>.elementor-widget-container{height:100%;width:100%}.e-con-inner>.elementor-widget-spacer>.elementor-widget-container>.elementor-spacer,.e-con>.elementor-widget-spacer>.elementor-widget-container>.elementor-spacer{height:100%}.e-con-inner>.elementor-widget-spacer>.elementor-widget-container>.elementor-spacer>.elementor-spacer-inner,.e-con>.elementor-widget-spacer>.elementor-widget-container>.elementor-spacer>.elementor-spacer-inner{height:var(--container-widget-height,var(--spacer-size))}.e-con-inner>.elementor-widget-spacer.elementor-widget-empty,.e-con>.elementor-widget-spacer.elementor-widget-empty{position:relative;min-height:22px;min-width:22px}.e-con-inner>.elementor-widget-spacer.elementor-widget-empty .elementor-widget-empty-icon,.e-con>.elementor-widget-spacer.elementor-widget-empty .elementor-widget-empty-icon{position:absolute;top:0;bottom:0;left:0;right:0;margin:auto;padding:0;width:22px;height:22px}<\/style>\n","protected":false},"excerpt":{"rendered":"<p>Nuestra Historia Hace mucho, mucho tiempo, hubo un ni\u00f1o saharaui llamado Banani que pasaba los veranos en Espa\u00f1a alojado con familias de acogida gracias al programa de &#8220;Vacaciones en paz&#8221;, promovido por la colaboraci\u00f3n conjunta entre asociaciones y las familias de origen y destino, as\u00ed como todo el organismo burocr\u00e1tico que las amparaba. Pues bien, [&hellip;]<\/p>\n","protected":false},"author":1,"featured_media":0,"parent":0,"menu_order":0,"comment_status":"closed","ping_status":"closed","template":"","meta":{"om_disable_all_campaigns":false,"_monsterinsights_skip_tracking":false,"_monsterinsights_sitenote_active":false,"_monsterinsights_sitenote_note":"","_monsterinsights_sitenote_category":0,"_uf_show_specific_survey":0,"_uf_disable_surveys":false,"footnotes":""},"class_list":["post-75","page","type-page","status-publish","hentry"],"aioseo_notices":[],"_links":{"self":[{"href":"https:\/\/cocinaporelcambio.com\/index.php\/wp-json\/wp\/v2\/pages\/75","targetHints":{"allow":["GET"]}}],"collection":[{"href":"https:\/\/cocinaporelcambio.com\/index.php\/wp-json\/wp\/v2\/pages"}],"about":[{"href":"https:\/\/cocinaporelcambio.com\/index.php\/wp-json\/wp\/v2\/types\/page"}],"author":[{"embeddable":true,"href":"https:\/\/cocinaporelcambio.com\/index.php\/wp-json\/wp\/v2\/users\/1"}],"replies":[{"embeddable":true,"href":"https:\/\/cocinaporelcambio.com\/index.php\/wp-json\/wp\/v2\/comments?post=75"}],"version-history":[{"count":5,"href":"https:\/\/cocinaporelcambio.com\/index.php\/wp-json\/wp\/v2\/pages\/75\/revisions"}],"predecessor-version":[{"id":234,"href":"https:\/\/cocinaporelcambio.com\/index.php\/wp-json\/wp\/v2\/pages\/75\/revisions\/234"}],"wp:attachment":[{"href":"https:\/\/cocinaporelcambio.com\/index.php\/wp-json\/wp\/v2\/media?parent=75"}],"curies":[{"name":"wp","href":"https:\/\/api.w.org\/{rel}","templated":true}]}}

<section data-id="606c955" data-element_type="section">
<h1 style="text-align: center;">Nuestra Historia</h1>
</section>
<section data-id="f0a8be8" data-element_type="section">
<p data-sourcepos="3:1-3:302">Hace mucho, mucho tiempo, hubo un niño saharaui llamado Banani que pasaba los<br />
veranos en España alojado con familias de acogida gracias al programa de &#8220;Vacaciones<br />
en paz&#8221;, promovido por la colaboración conjunta entre asociaciones y las familias de<br />
origen y destino, así como todo el organismo burocrático que las amparaba. Pues bien, el<br />
tiempo fue pasando y ese niño se hizo mayor entre idas y venidas, teniendo entre medias<br />
la oportunidad de formarse en una escuela de cocina en la ciudad de Granada, lugar donde<br />
conoció a otro de los protagonistas de nuestra historia, Erik De Pedro. Juntos, siguieron<br />
formándose y trabajando, aprendiendo de la experiencia y sabiendo que el destino les<br />
aguardaba algo grande. En este tiempo Banani conoció a su compañera de viaje, Sonia,mujer<br />
incansable y luchadora que decidió formarse en el ámbito de la cooperación para<br />
hacer de sus sueños compartidos una realidad y, juntos los tres, tomaron la decisión de<br />
coger sus ahorros, vender sus pertenencias más preciadas y sumergirse de lleno en lo que<br />
en sus cabezas llevaban urgiendo más de 10 años: construir un comedor – escuela de<br />
cocina en el corazón del Sáhara: concretamente en el campamento de refugiados saharauis<br />
de Auserd. Y vaya si lo hicieron, se liaron la manta a la cabeza (o el turbante, mejor dicho)<br />
y se pusieron manos a la obra, sin importar el calor o los vientos del siroco, pero sin<br />
volverse locos&#8230; A su vuelta, sin pensárselo dos veces, constituyeron formalmente la<br />
asociación &#8220;Cocina por el cambio&#8221;, registrada en Córdoba (Andalucía), siendo el resto<br />
historia viva. Isis (compañera de batallas en las temporadas en Menorca de Banani y<br />
Sonia) se unió al grupo para aportar sus conocimientos en materia de restauración y<br />
marketing, su pareja Alberto se puso manos a la obra junto a Sonia para darle forma sobre<br />
el papel a todo lo andado hasta la fecha y, la hermana de este último, Irene, comenzó a<br />
ofrecer sus conocimientos como médica en materia sanitaria y nutricional para que el<br />
proyecto que había comenzado a cocinarse no se dejara ningún ingrediente por el camino.<br />
Por último, se encuentran Bonifa y Meimuna, dos mujeres saharauis que son el estandarte<br />
de la asociación, representando la experiencia sobre el terreno, la tenacidad y la sororidad<br />
entre hermanas. La primera cuenta con un amplio recorrido en cocina y organización de<br />
eventos, la segunda, en gestión de los recursos, administración y logística. Juntas, hacen<br />
que todo lo que se planifique sobre el papel, se lleve a la práctica de la forma más óptima<br />
posible. Ambas simbolizan a la perfección los valores de la mujer saharaui y hacen que<br />
este grupo humano esté completo y preparado para hacer realidad este proyecto. Tenemos<br />
todo listo y preparado para comenzar el curso en octubre de 2024, ¿te unes?</p>
</section>
<p><a href="https://buy.stripe.com/9AQ3ey6hc1dXbMAeUW"><br />
COLABORA<br />
</a></p>
<style>/*! elementor - v3.20.0 - 26-03-2024 */<br />
.elementor-column .elementor-spacer-inner{height:var(--spacer-size)}.e-con{--container-widget-width:100%}.e-con-inner>.elementor-widget-spacer,.e-con>.elementor-widget-spacer{width:var(--container-widget-width,var(--spacer-size));--align-self:var(--container-widget-align-self,initial);--flex-shrink:0}.e-con-inner>.elementor-widget-spacer>.elementor-widget-container,.e-con>.elementor-widget-spacer>.elementor-widget-container{height:100%;width:100%}.e-con-inner>.elementor-widget-spacer>.elementor-widget-container>.elementor-spacer,.e-con>.elementor-widget-spacer>.elementor-widget-container>.elementor-spacer{height:100%}.e-con-inner>.elementor-widget-spacer>.elementor-widget-container>.elementor-spacer>.elementor-spacer-inner,.e-con>.elementor-widget-spacer>.elementor-widget-container>.elementor-spacer>.elementor-spacer-inner{height:var(--container-widget-height,var(--spacer-size))}.e-con-inner>.elementor-widget-spacer.elementor-widget-empty,.e-con>.elementor-widget-spacer.elementor-widget-empty{position:relative;min-height:22px;min-width:22px}.e-con-inner>.elementor-widget-spacer.elementor-widget-empty .elementor-widget-empty-icon,.e-con>.elementor-widget-spacer.elementor-widget-empty .elementor-widget-empty-icon{position:absolute;top:0;bottom:0;left:0;right:0;margin:auto;padding:0;width:22px;height:22px}</style>

<p>Nuestra Historia Hace mucho, mucho tiempo, hubo un niño saharaui llamado Banani que pasaba los veranos en España alojado con familias de acogida gracias al programa de &#8220;Vacaciones en paz&#8221;, promovido por la colaboración conjunta entre asociaciones y las familias de origen y destino, así como todo el organismo burocrático que las amparaba. Pues bien, [&hellip;]</p>
